t y(k) = 11*k**3 + 232*k**2 + 236*k + 43. What is y(-20)?
123
Let w(p) = 82*p**2 + 57*p - 137. Give w(3).
772
Let m(n) = n**3 - 7*n**2 + 46*n + 425. Calculate m(0).
425
Let s(g) = -4685*g - 42190. Determine s(-9).
-25
Let f(b) = -b**2 + 1927*b - 643719. What is f(430)?
-9
Let i(a) = -19377*a + 96893. What is i(5)?
8
Let u(x) = 19288*x + 810105. Calculate u(-42).
9
Let m(l) = -16*l**3 - 758*l**2 - 224*l + 36. Give m(-47).
-2690
Let y(z) = 580*z - 71146. Calculate y(123).
194
Let w(a) = 4*a**2 + 156*a - 9107. What is w(-71)?
-19
Let c(g) = 617*g**3 - 4*g**2 + 34*g - 28. What is c(1)?
619
Let x(a) = -a**2 + 84*a - 1080. What is x(0)?
-1080
Let w(q) = 1069*q + 603993. Give w(-565).
8
Let z(i) = 57327*i - 171942. What is z(3)?
39
Let i(a) = 3716*a - 24433. What is i(6)?
-2137
Let u(s) = -11*s**2 + 20*s - 434. Calculate u(-11).
-1985
Let r(c) = -c**3 + 176*c**2 - 508*c - 2190. Calculate r(173).
-287
Let n(c) = c**2 - 15136*c + 75644. Calculate n(5).
-11
Let o(d) = 3*d**3 + 400*d**2 - 1085*d + 82. Give o(-136).
-326
Let w(u) = 12760*u - 140349. Give w(11).
11
Let c(g) = -g**3 - 91*g**2 + 10356*g - 838. Determine c(-157).
104
Let h(m) = -345663*m - 18665813. What is h(-54)?
-11
Let a(i) = -70193*i - 210585. What is a(-3)?
-6
Let a(x) = -217*x - 49650. What is a(-229)?
43
Let s(v) = 12*v**2 + 1150*v + 3344. Calculate s(-3).
2
Let s(v) = 44*v**2 - 10631*v + 41831. What is s(4)?
11
Let p(n) = -354050*n - 10621492. What is p(-30)?
8
Let r(l) = 27621*l - 82863. Calculate r(3).
0
Let b(u) = -28*u**3 + 117*u**2 - 81*u - 59. Calculate b(3).
-5
Let i(a) = 10237*a + 20412. Give i(-2).
-62
Let w(i) = 604*i**2 + 681*i + 32. Determine w(-1).
-45
Let m(s) = -1462538*s - 11700279. Give m(-8).
25
Let s(k) = -1010*k + 7673. Determine s(6).
1613
Let u(q) = 41*q**2 + 8856*q - 18057. What is u(-218)?
-181
Let k(z) = 386*z + 7516. Determine k(-13).
2498
Let o(g) = -15*g**2 + 3*g + 945. Calculate o(9).
-243
Let q(u) = -u**2 - 5849*u + 253361. Give q(43).
5
Let s(i) = -5*i**3 + 25*i**2 + 442*i - 2588. Give s(6).
-116
Let c(n) = 2*n**2 + 124*n - 29779. Calculate c(-157).
51
Let t(f) = f**2 + 387*f + 24776. Give t(-306).
-10
Let k(p) = 36*p**2 - 106*p - 63. Calculate k(0).
-63
Let d(i) = -22*i**2 - 15318*i + 15315. Determine d(1).
-25
Let x(f) = f**3 + 325*f**2 + 3765*f - 152. Determine x(-12).
-260
Let z(j) = j**2 - 133*j + 4352. What is z(75)?
2
Let t(p) = -5803*p - 208825. Determine t(-36).
83
Let c(z) = -3121*z - 165402. Give c(-53).
11
Let b(w) = 26712*w - 80055. What is b(3)?
81
Let v(i) = -1404*i**2 + 110914*i + 151. Calculate v(79).
-7
Let i(b) = -b**2 - 421*b - 12295. Give i(-34).
863
Let d(k) = -19*k**3 - 4*k**2 + 52*k - 254. Give d(4).
-1326
Let u(n) = -n**3 + 179*n**2 + 181*n - 166. Determine u(180).
14
Let w(x) = -4*x**2 + 317*x - 2142. Give w(69).
687
Let l(j) = j**3 + 240*j**2 - 1985*j + 11. Calculate l(8).
3
Let h(a) = 138*a**2 + 2616*a - 104. Give h(-19).
10
Let b(k) = -19265*k + 96313. Determine b(5).
-12
Let q(r) = 27*r**2 + 404*r - 21982. Determine q(22).
-26
Let c(y) = 9727*y - 87693. Give c(9).
-150
Let l(p) = -p**3 - 4*p**2 - 28946*p - 377800. Determine l(-13).
19
Let h(p) = -6*p**3 - 50*p**2 + 23*p + 264. Determine h(-11).
1947
Let g(v) = -v**3 + 8*v**2 + 758*v - 234. What is g(-24)?
6
Let z(f) = 5*f**3 + 154*f**2 + 1163*f - 176. Calculate z(-17).
-6
Let x(l) = 117*l + 1444. Calculate x(-12).
40
Let q(h) = 58*h - 7601. Calculate q(139).
461
Let s(x) = -3*x**3 - 277*x**2 + 315*x + 11988. Determine s(-93).
-9
Let t(c) = 36*c**2 + 712*c - 2852. Determine t(-23).
-184
Let q(x) = 63*x**2 + 18*x - 63. What is q(-8)?
3825
Let c(i) = -73031*i - 72935. Give c(-1).
96
Let t(v) = -7530*v + 45522. Give t(6).
342
Let p(i) = -39*i**2 - 111*i - 33. Give p(3).
-717
Let j(g) = -g**2 - 54*g + 651. Give j(-70).
-469
Let k(v) = 167958*v - 4702816. Determine k(28).
8
Let b(n) = 3548*n + 345. Give b(0).
345
Let w(k) = -9114*k - 1330643. What is w(-146)?
1
Let p(v) = v**3 - 103*v**2 - 4662*v - 50. What is p(-34)?
86
Let x(a) = -8112*a - 689524. Give x(-85).
-4
Let r(k) = k**3 + 110*k**2 + 339*k + 1932. What is r(-107)?
6
Let c(u) = -u**3 - 21*u**2 - 52*u + 13. Give c(-20).
653
Let t(r) = -5*r**3 + 792*r**2 + 455*r + 2929. Calculate t(159).
-569
Let m(u) = -u**3 - 61*u**2 - 528*u + 2863. Determine m(-49).
-77
Let r(c) = c**3 - 30*c**2 + 56*c - 898. What is r(29)?
-115
Let a(y) = 1489*y - 269490. Determine a(181).
19
Let q(w) = 138*w + 833. What is q(-12)?
-823
Let b(y) = -4873*y - 1072155. Give b(-220).
-95
Let z(r) = -3*r**2 + 57570*r - 57572. Give z(1).
-5
Let g(v) = v**2 + 898*v + 201315. Give g(-466).
3
Let x(j) = 352*j - 3401. What is x(12)?
823
Let b(m) = -776*m - 4975. What is b(-6)?
-319
Let o(w) = w**3 + 41*w**2 + 72*w + 1685. Give o(-40).
405
Let o(r) = -3*r**3 - 395*r**2 + 1770*r + 269. Determine o(-136).
-3
Let y(q) = -q**3 + 36*q**2 - 46*q + 679. Calculate y(29).
5232
Let o(l) = -l**3 - 242*l**2 + 5*l + 1179. Calculate o(-242).
-31
Let b(a) = 264*a + 24324. Determine b(-87).
1356
Let s(i) = i**3 - 577*i**2 - 2856*i + 309109. Calculate s(581).
17
Let r(z) = -971*z - 52381. Calculate r(-54).
53
Let o(n) = 48161*n + 192647. What is o(-4)?
3
Let j(l) = -3*l**3 + 1184*l**2 + 1587*l - 2178. Determine j(396).
-990
Let m(o) = 52*o**2 - 882*o - 78. Determine m(17).
-44
Let u(v) = -v**3 + 53*v**2 + 64*v - 790. What is u(54)?
-250
Let s(u) = -u**2 - 68999*u - 137986. Determine s(-2).
8
Let j(d) = d**3 + 9*d**2 - 564*d + 3203. What is j(-31)?
-455
Let p(s) = s**3 + 92*s**2 - 1210*s + 1880. Calculate p(10).
-20
Let r(h) = 3230*h - 571710. Calculate r(177).
0
Let y(u) = 59*u - 21271. Give y(361).
28
Let w(p) = -1571*p + 75263. What is w(48)?
-145
Let r(h) = 8*h**3 + 82*h**2 + 186*h - 19. What is r(-6)?
89
Let i(j) = -6*j**3 + 26*j**2 + 9*j - 93. Determine i(5).
-148
Let l(v) = -111*v**3 - 9325*v**2 - 170*v - 7220. What is l(-84)?
4
Let m(b) = -10278*b + 20521. Give m(2).
-35
Let r(t) = -226*t**2 + 64*t + 63. Determine r(-1).
-227
Let q(l) = -2*l**3 - 164*l**2 - 569*l + 4282. What is q(-78)?
-8
Let f(c) = c**2 - 215*c - 1987. What is f(-9)?
29
Let n(y) = 7186*y + 62281. Calculate n(-9).
-2393
Let c(v) = 2*v**2 - 58*v - 1740. Calculate c(-20).
220
Let g(l) = 41049*l - 656770. Calculate g(16).
14
Let n(u) = 32077*u - 609484. What is n(19)?
-21
Let z(i) = -i**3 + 120*i**2 + 835*i - 9944. What is z(126)?
10
Let k(w) = -183*w - 4968. Give k(-25).
-393
Let q(h) = -h**3 + 66*h**2 - 146*h - 86. Calculate q(3).
43
Let w(u) = -1240*u**2 + 29738*u + 517. What is w(24)?
-11
Let s(t) = 143*t - 850. Give s(5).
-135
Let i(w) = -37*w**2 + 1570*w - 9630. What is i(35)?
-5
Let x(g) = g**3 - 12*g**2 - 719*g + 10718. What is x(23)?
0
Let a(u) = -144*u**2 - 47*u - 4. What is a(-1)?
-101
Let q(o) = 46*o**2 - 2542*o - 7613. What is q(-3)?
427
Let r(b) = 748*b - 1071. Give r(2).
425
Let m(k) = -1524*k**2 + 1521*k + 4. Give m(1).
1
Let z(c) = -c**2 - 3240*c - 1216. Calculate z(0).
-1216
Let c(a) = 5*a**3 + 818*a**2 - 335*a - 609. What is c(-164)?
539
Let z(q) = 165996*q + 5809857. Determine z(-35).
-3
Let h(d) = -d**3 + 1138*d + 6295. Determine h(-31).
808
Let g(x) = 919*x - 5383. Determine g(6).
131
Let n(d) = 2*d**2 + 124*d + 689. Determine n(-53).
-265
Let v(n) = -443*n + 2770. What is v(6)?
112
Let i(c) = 290733*c - 1162929. Calculate i(4).
3
Let a(u) = -2534*u - 385153. What is a(-152)?
15
Let q(k) = 15069*k + 14086. Determine q(-1).
-983
Let j(f) = 681697*f - 4090181. Determine j(6).
1
Let r(u) = 9*u**3 + 67*u**2 - 251*u + 221. Calculate r(2).
59
Let a(j) = 2*j**2 + 2644*j + 18644. Determine a(-7).
234
Let i(k) = -59726*k - 1194522. Give i(-20).
-2
Let v(z) = -6*z**3 - 394*z**2 + 527*z + 250. Determine v(-67).
853
Let o(l) = l**3 + 241*l**2 - 245*l - 436. Determine o(-242).
290
Let q(g) = -26*g**2 + 794*g - 5279. What is q(10)?
61
Let s(k) = 809*k + 93802. What is s(-116)?
-42
Let g(r) = r**3 - 88*r**2 - 30*r + 3147. Calculate g(88).
507
Let p(r) = -872570*r + 5235381. Calculate p(6).
-39
Let t(x) = 1267*x - 30888. What is t(27)?
3321
Let d(p) = 12*p**2 + 112*p - 1577. What is d(-17)?
-13
Let l(j) = 6*j**3 + 17*j**2 + 42*j - 35. What is l(-6)?
-971
Let x(q) = -84*q + 379. Determine x(4).
43
Let c(k) = -165*k + 20880. Give c(120).
1080
Let a(m) = -2*m**2 + 47133*m + 235719. Determine a(-5).
4